s of (-27444)/(-96) - (-1)/c.
2, 11, 13
Let l(c) = c - 22. Let s be l(21). List the prime factors of (-11 + -10)/((-6)/(-16)*s).
2, 7
Suppose 4526 + 1524 = 29*y + 569. Suppose 3*n = -h + 46, 3*h + 0*n - 94 = 2*n. Let f = y - h. What are the prime factors of f?
5, 31
Let l be (-3)/8 - 20/32. Let z be (-2)/l*2/(-2) + -77. Let j = -43 - z. What are the prime factors of j?
2, 3
Suppose 3*i = -f + 20764, 4*i - 52*f = -47*f + 27679. What are the prime factors of i?
3, 769
Suppose -31*j + 2*g = -29*j - 6286, -g = j - 3151. What are the prime factors of j?
3, 1049
Let l be (-30)/50 - (-100132)/20. Let b = l - 2936. What are the prime factors of b?
2, 3, 5, 23
Let t = -472 + 466. List the prime factors of (24*t/(-27))/(3/27).
2, 3
Let y(m) = 65*m + 10. Let g be y(4). Suppose -2*u - 232 = g. Let s = 361 + u. List the prime factors of s.
2, 5, 11
Let d be (83/2)/(5/20*1). Suppose 68 = 9*c - d. List the prime factors of c.
2, 13
Suppose 1486 = -37*d + 35*d. Let q = 1261 + d. List the prime factors of q.
2, 7, 37
Let d = 133 + -107. Suppose -6*a + d + 4 = 0. What are the prime factors of 2361/15 - 2/a?
157
Suppose 19769 = 5*z - t - 22911, -2*t + 17084 = 2*z. Suppose 0 = 8*o + 1865 - z. Suppose 27*h - 21*h - o = 0. List the prime factors of h.
139
Let i = 14650 - 7327. List the prime factors of i.
3, 2441
Let f(r) = 18 + 73*r - 46 + 4. What are the prime factors of f(6)?
2, 3, 23
Suppose -2*b + 3*n - 46 = -n, -5*n - 37 = 2*b. Let w = -50 - b. What are the prime factors of (w + 2)*(-2 - (-16)/12)?
2, 3
Let a(z) = -3*z**3 + 9*z**2 - 19*z + 42. List the prime factors of a(-14).
2, 7, 23
Let i = -9685 - -24706. List the prime factors of i.
3, 1669
Let u(d) = d**2 + 170*d + 615. List the prime factors of u(141).
2, 3, 7411
Let a = 7107 + 9685. What are the prime factors of a?
2, 2099
Suppose 150*c + 32*c + 39*c = 3735121. List the prime factors of c.
16901
Suppose -5*i + 4557 = -3*z + 13205, 2*z - i = 5763. What are the prime factors of z?
43, 67
Let u = 19638 - 11275. List the prime factors of u.
8363
Suppose 2*o = -k + 15366, 0 = -5*o + 70*k - 71*k + 38424. List the prime factors of o.
2, 3, 7, 61
Suppose 7*d = 37 - 9. Let b(i) = 2*i - 16. Let k be b(d). List the prime factors of 3/(-6)*k - -35.
3, 13
What are the prime factors of 3/(-1) + 15659 + (117/(-9) - -10)?
11, 1423
Suppose 574*r + 4*b + 6579 = 577*r, -4*b = -5*r + 10973. What are the prime factors of r?
13
Suppose 7*a = 63*a - 475*a + 7220627. List the prime factors of a.
19, 907
Let u(c) = -2*c - 1. Let f(k) = -41*k + 267. Let n(i) = f(i) - 6*u(i). What are the prime factors of n(-57)?
2, 3, 107
List the prime factors of (-8)/3 - (-4 + 161668/(-6)).
2, 3, 499
Let p = -598 - 262. Let g = p - -994. What are the prime factors of g?
2, 67
Let w = -278 + 283. Let g be ((-59)/(-1))/(1/8). Suppose w*u - 248 = g. List the prime factors of u.
2, 3
Suppose 474*y - 763*y = -14438729. What are the prime factors of y?
47, 1063
What are the prime factors of (4 + -6 - -2985) + 8?
3, 997
Suppose 27 = -9*x + 72. Suppose x*n - 14 = -4. Suppose -5*h = -5*q - 440, 6*h - 2*h - n*q = 352. List the prime factors of h.
2, 11
Suppose -7*c + 11 + 3 = 0. Suppose 0 = -q + 3, -c*u = -0*u - 3*q + 1. Suppose -6 = 2*s - 0*s, u*l + s = 185. List the prime factors of l.
47
Let r(k) = 833*k + 3922. List the prime factors of r(5).
8087
Suppose -6935144 = -267*m + 1226918 - 1831225. What are the prime factors of m?
131, 181
Suppose 0 = 3*o + 2*k - 0*k - 15, 0 = 2*o - k - 3. What are the prime factors of (-412)/(-7 + o) - 4/(-1)?
107
Let r = -28 + -49. Let u = r - -94. Suppose u = -2*b + 311. List the prime factors of b.
3, 7
Let y = 30 - 27. Let r be -105 + (y - 1) + 2. Let n = -38 - r. List the prime factors of n.
3, 7
Let b(g) = -2*g + 11. Let f be b(4). Let j(v) = 673*v - 188. List the prime factors of j(f).
1831
Let h(b) = 79*b - 146*b + 72*b. Let y be h(0). Suppose 0*t = -3*t + 4*v + 346, 2*v - 4 = y. What are the prime factors of t?
2, 59
Suppose 4*t = 9*t - 5. Let w be t/((3/(-6))/((-14)/4)). Suppose -540 = 2*d - w*d. List the prime factors of d.
2, 3
Let i = 7045 + -711. List the prime factors of i.
2, 3167
Let w(d) = -d**3 - 2*d**2 + 12*d + 22. Let m be w(-2). What are the prime factors of ((-4276)/(-12))/(m/(-6))?
1069
Let y(c) = -c**2 - 52*c + 318. Let s be y(-58). What are the prime factors of (-15)/25 - 40128/s?
7, 191
Let i = 1075 - -1260. What are the prime factors of i?
5, 467
Suppose -2 = -4*k - 18. Let b be (0 - 106/(-8))*k. Let y = 65 + b. List the prime factors of y.
2, 3
What are the prime factors of 297*(-2 - ((-567)/49 - 16/(-28)))?
3, 11
Suppose -r - r = 16. Let t be (-5738)/(-133)*(-14)/4. Let y = r - t. What are the prime factors of y?
11, 13
Let u(a) = -3*a - 3. Let d be u(-4). Suppose -3*s + 9 = 0, d = 2*j - 0*j - s. Let q(t) = 4*t**2 - 13*t + 1. What are the prime factors of q(j)?
67
Suppose 0 = -2*x + 4*h - 7*h - 798, 2*x + 4*h + 800 = 0. Let o = 730 + x. What are the prime factors of o?
2, 167
Let r be (-1)/(((-1)/2)/((-5)/(-2))). Suppose 2*l + 4 = 0, -l - 2*l + 174 = -r*i. Let a = i - -77. List the prime factors of a.
41
Suppose -60762 = -4*a - m, -a - 4*m = -10335 - 4878. What are the prime factors of a?
3, 61, 83
Let m be 13 + -9 + 3480/3. Suppose 0*a - 4*a = -m. List the prime factors of a.
3, 97
Let i(l) = -383*l - 129. Let w be i(-7). Suppose d - w = -4*d - 2*o, -4*d - 4*o + 2044 = 0. List the prime factors of d.
2, 3, 5, 17
Let s(a) = 2*a**2 - 17*a + 8. Let y be s(8). Suppose y = 3*v - 2 - 1, 5*v = -4*r + 769. What are the prime factors of r?
191
Let m be (1379/28)/((-1)/(-4)). Let h = 98 + m. List the prime factors of h.
5, 59
Suppose -2084 = 9*t - 5*t. Let g = -257 - t. Suppose -4*d + 286 + g = -5*k, d + 3*k - 129 = 0. List the prime factors of d.
3, 5
Let q(l) = -l**2 + 2*l + 16. Let p be q(5). Let d be (p + 2/6)*-3. What are the prime factors of (-2)/(-10) - (d - (-118)/(-10))?
2
Suppose -330538 = -48*n + 104294 - 57360. What are the prime factors of n?
2, 983
Let q(j) be the first derivative of 43*j**2 + 17*j + 58. What are the prime factors of q(2)?
3, 7
Suppose -i - 10 = -4*v, -i - 3*v - 30 = -34. List the prime factors of 1*(i + -2) - (16 - 645).
5
Let l be (-12)/66 + 1 + (-171)/(-33). What are the prime factors of l/5*-5 + 852?
2, 3, 47
Let j = -6 + -82. Let d = -55 - j. What are the prime factors of d?
3, 11
Let p(s) = -s**3 - 9*s**2 - 15*s. Let i be p(-7). Suppose -3*y + 37035 = -i*v + 3*v, -2*y - 37050 = 4*v. List the prime factors of (-4)/26 - v/117.
79
Suppose 8*v - 3*v - 3*i = 137, -v + 32 = 4*i. Let x = 30 - v. Suppose -2*k - 5*z = -14, x*z = 2*k - 0*k. What are the prime factors of k?
2
Let z = -1274 + 1811. Suppose 10*r - 51 + 11 = 0. Suppose -r*n = -7*n + z. List the prime factors of n.
179
Let n(o) = 4*o**2 + 13. Let s be n(-4). Let v = 81 - s. Suppose l - v*l = 15, 4*u - 583 = -l. What are the prime factors of u?
3, 7
Suppose -3*k + 2*j - 719 = 0, 0*j + 481 = -2*k + 3*j. Let i = k - -271. What are the prime factors of i?
2
Suppose 0 = -21*n - 9*n + 16530. Suppose -3237 + n = -17*a. List the prime factors of a.
2, 79
Let l = -3734 - -10490. List the prime factors of l.
2, 3, 563
Suppose -3*g = -0*g + 6. Let s be -126 + 0 + (-3 - -1 - g). Let t = -24 - s. List the prime factors of t.
2, 3, 17
Suppose -70*x + 225*x = 1341835. What are the prime factors of x?
11, 787
Let l be 2 + -4 - -7 - 0. Suppose -k = 3*k - 12, l*y - 22 = -4*k. Suppose d + 204 = y*z - 3*d, -2*z = 2*d - 234. List the prime factors of z.
2, 7
Let s(d) = 232*d - 1098. What are the prime factors of s(55)?
2, 7, 17
Let b(y) = 44*y**2 - 32*y - 72. List the prime factors of b(6).
2, 3, 5, 11
Let o(f) = 29*f + 4. Let y be o(-5). Let v(k) = 2*k**3 + 21*k**2 + 6*k + 9. Let g be v(-9). Let c = g + y. What are the prime factors of c?
3, 19
List the prime factors of (-1 + 0)/((-7)/3864980*-10*-2).
19, 1453
Suppose -296703 + 2329573 = 226*a. What are the prime factors of a?
5, 7, 257
Let c(f) = 183*f**3 - f**2 + 3*f - 3. Let w be c(1). Let i = w - 160. List the prime factors of i.
2, 11
Let v(k) = -10*k + 81. Let i be v(8). Let j(l) = 473*l**3 - 3*l + 2. What are the prime factors of j(i)?
2, 59
Let o = 90 + 283. Let s(k) = -3*k**2 - 5*k + 5. Let v be s(-2). Suppose -3*q + o = q + a, v*a = -q + 96. What are the prime fac